he highest common factor of x and k.
27
Let t = -10 + 8. Let z be 3/((-63)/590) + (-46)/(-483). Let j be ((-91)/(-14))/(t/z). Calculate the greatest common factor of j and 26.
13
Let s(n) = n**2 + 5*n + 24. Let t be s(-10). Suppose -t*r - 219 = -77*r. What is the greatest common divisor of 73 and r?
73
Suppose -6 = 8*i - 5*i, -5*y = -2*i - 29. Calculate the greatest common divisor of y and 295.
5
Suppose 20*v + 84 = -v. Let l be 222/v*(-2)/3 - 4. Calculate the highest common divisor of 363 and l.
33
Let c = 336 - -653. What is the greatest common factor of 387 and c?
43
Let h(g) = g**3 - 30*g**2 + 36*g - 41. Let i be h(29). Suppose 10*c - 55 - 5 = 0. Calculate the highest common factor of c and i.
6
Suppose -5*b + 4*y + 120 = 0, -3*b + 3*y + 72 + 3 = 0. Let h = b + 43. What is the highest common divisor of 7 and h?
7
Let m be 48843/1139 - 6/(-51). What is the highest common divisor of m and 817?
43
Let w be (-3)/(15/(-20) + 138/200). Suppose -w = 5*t - 0*t. Let c be t/(-8)*(19 - 7). What is the highest common factor of 3 and c?
3
Let y = -49785 + 49983. Let j = -19 + 107. Suppose -r + v + j = 4*r, -r + 2*v = -14. Calculate the highest common divisor of y and r.
18
Suppose x + 2 = -k, -5*k + 2*k - 1 = -2*x. Let g be 6 - (x + (-16)/(-4)). Suppose -7*c + g*c + 792 = 0. What is the greatest common factor of 18 and c?
18
Let h = 4450 - 4290. What is the greatest common divisor of h and 200?
40
Let h(o) = 90*o**3 - 4*o**2 + o + 11. Let s be h(3). What is the highest common factor of s and 168?
56
Let x(c) = 654*c + 1779. Let o be x(40). Calculate the highest common factor of 139 and o.
139
Suppose 6505*g = 6540*g - 15470. Calculate the greatest common divisor of 51 and g.
17
Suppose 32*i = 38*i - 192. Suppose -37*c + 20 = -i*c. Calculate the highest common divisor of c and 28.
4
Let q(u) = u**3 + 11*u**2 - 12*u - 15. Let t be q(-12). Let f(j) = -26*j + 308. Let l be f(19). Let g = t - l. What is the highest common factor of g and 19?
19
Suppose -1609*h = -1595*h - 182. Calculate the highest common divisor of h and 6630.
13
Suppose 382*x + 4*y + 6820 = 386*x, -2*y + 1702 = x. What is the greatest common factor of 213 and x?
213
Let s be -9*17/1071 - 72/(-14). Suppose 0 = -o + s*b + 23, -o + 4*b = -2*o + 68. Calculate the highest common factor of 32 and o.
16
Let h(s) = 2*s**2 + 3*s - 4. Let p be h(-4). Let c = -328 + 280. Let u be c/(24/(-6))*12. What is the highest common divisor of p and u?
16
Let j = 27 + -14. Let w be 349 + (-1 - 0 - 1). Let t = w - 230. What is the greatest common factor of j and t?
13
Let s(f) = f**2 + 17*f + 89. Let m(i) = -i**2 - 16*i - 89. Let k(j) = -5*m(j) - 6*s(j). Let a be k(-11). What is the greatest common divisor of 232 and a?
8
Suppose -2*w - 213 = -85. Let f = 96 + w. Let l = -16 + f. What is the greatest common divisor of 128 and l?
16
Let t(a) = 503*a**2 - 97*a - 185. Let n be t(-2). What is the greatest common divisor of n and 47?
47
Let v(u) = 6*u + 1591. Let r be v(0). What is the greatest common divisor of r and 86?
43
Let q be 30/(-72)*-4*(-1 - 2) + 135. Calculate the greatest common factor of 90 and q.
10
Suppose 10*x - 12830 + 4430 = 0. Suppose 5*p = 0, 9*p = -4*w + 6*p + x. Calculate the highest common factor of 90 and w.
30
Suppose 59 - 1071 = 2*w. Let f = 634 + w. Calculate the greatest common factor of f and 24.
8
Suppose 8*q - 2*q + 2214 = 0. Let w be q/6*(-2)/(-3). Let y = w + 42. What is the greatest common factor of y and 9?
1
Suppose -a + 2920 = 5*o - 246, o = -4*a + 12550. Calculate the greatest common factor of a and 128.
64
Let z = -272 + 192. Let d be (7/2 - 2)*z/(-3). Let a(q) = -q**3 + 8*q**2 + 2*q - 11. Let c be a(8). Calculate the greatest common divisor of d and c.
5
Suppose n - 139 = -319*t + 317*t, 20 = -4*n. Calculate the highest common divisor of 1248 and t.
24
Let d = 24301 + -24300. Calculate the greatest common divisor of d and 2997.
1
Let s be -3 - (0 - 174/2). Suppose -30*z + s = -27*z. What is the greatest common factor of z and 210?
14
Let y be (-28)/((60/(-54))/(-10)). Let m be ((-72)/y)/(4/70). Calculate the greatest common divisor of 65 and m.
5
Suppose 3*g + l - 1611 = -g, -5*l = 25. Suppose -g = -10*i + 246. What is the highest common divisor of 91 and i?
13
Suppose 3*s = 100 + 20. Suppose 5*i - 3*r - s = -r, -3*r = -2*i + 27. Suppose 2*l + 62 = 4*b + 78, l - 2 = 5*b. What is the greatest common factor of i and l?
6
Let k(q) = -6*q. Let r be k(-2). Let m = -342 + 358. Let b(y) = -y**2 + 22*y - 72. Let v be b(m). What is the greatest common factor of r and v?
12
Suppose v - 55 = -3*j, 107 = 3*v + 2*j - 37. Let a be (4 + v + -5)/(2/6). Calculate the highest common factor of 30 and a.
15
Let t(n) = 3*n**2 - 61*n - 1586. Let r be t(-15). Calculate the highest common factor of r and 2804.
4
Let z(h) = -h**3 + h**2 - 3*h - 4. Let j be z(0). Let w be (-2)/j + (-30)/(-4). Calculate the greatest common divisor of w and 4.
4
Let m(k) = -k**2 - 12*k - 10. Let d be m(-7). Let z be d + -28 - (-1 + (-1 - 8)). Let f be 4/(-4) + 553/z. Calculate the greatest common divisor of 52 and f.
26
Suppose 4*f - 112 = 2*h, 4*f - 28 = 3*f + h. Let q(x) = 26*x - 62. Let p be q(11). Calculate the highest common divisor of p and f.
28
Let t = -579 - -849. Suppose -3*h + t = x, 1082 - 254 = 3*x + 3*h. Calculate the highest common factor of x and 9.
9
Suppose -3*a = -7*a + 84. Let y = -15 + a. Suppose -y*t + 493 = 73. Calculate the greatest common factor of t and 28.
14
Let y(j) = 80*j**2 - 27*j - 82. Let l be y(-6). What is the greatest common factor of l and 16?
16
Let h = -8035 - -8287. Let a(n) = n + 7. Let s be a(-5). Suppose -h = -s*c + 34. What is the greatest common factor of 11 and c?
11
Let c = -1089 - -1929. What is the highest common divisor of c and 24?
24
Let c(w) = 3030*w - 90834. Let o be c(30). Suppose -4*s = 2*h - 1440, -4*h + 0*s = 2*s - 2898. What is the greatest common factor of h and o?
66
Let i(z) = -8 - 2*z + 2*z**2 - 2*z**2 + z**2 + 14 - 4*z. Let b be i(5). Calculate the greatest common divisor of b and 72.
1
Suppose -83791 - 15041 = -142*x. What is the greatest common factor of 54 and x?
6
Let q(x) = 12*x**2 + 55*x + 57. Let l(c) = -5*c**2 - 27*c - 28. Let a(w) = 5*l(w) + 2*q(w). Let u be a(-19). Calculate the greatest common divisor of u and 11.
11
Let l(a) = a**2 - 6*a - 147. Suppose 111 + 21 = -12*t. Let x be l(t). What is the greatest common factor of x and 80?
40
Suppose 38*l - 858 = 16*l. Suppose l*j - 1210 = 17*j. Calculate the greatest common factor of j and 5.
5
Let z = 10814 - 10769. What is the highest common divisor of z and 4176?
9
Let u = -35 + 66. Suppose 2*g = j + 244, -5*g + 2*j - j = -616. What is the highest common factor of u and g?
31
Let j(n) = -3*n**3 + 51*n**2 - 15*n + 316. Let i be j(17). Calculate the highest common divisor of i and 7.
1
Suppose -452400 = -53*o + 20254. Calculate the greatest common factor of o and 364.
182
Let a = -23 + 32. Let i = -87113 + 87128. Calculate the greatest common divisor of a and i.
3
Suppose -f - 2*t = 2, 5*f - f - 44 = 5*t. Let x be (f/5)/((-1)/((-1680)/9)). What is the highest common divisor of x and 28?
28
Suppose -123 + 23 = -20*w. Suppose 3 = w*a - 57. What is the highest common divisor of a and 24?
12
Suppose -5*d + 101565 = 4*k, 65*d + 2*k - 40626 = 63*d. What is the greatest common divisor of d and 222?
111
Let f be (-11 - -17) + 26*-1. Let c be 95*(-8)/f*1. What is the highest common factor of 2 and c?
2
Suppose u - 3*d = 101, 63*d = 58*d + 5. What is the greatest common divisor of 3 and u?
1
Let c(w) = 15*w - 17. Let d be c(2). Suppose 297 = -2*l + d*l. Let s(n) = -n**2 - 7*n + 3. Let m be s(-7). What is the highest common divisor of l and m?
3
Let h be ((5 - 42/9)*-8)/((-2)/180). Suppose -5*i + 10*i = 75. Calculate the highest common divisor of h and i.
15
Let s be ((-21)/(-6) + 5)/(10/20). Calculate the greatest common divisor of 26911 and s.
17
Let p = -7239 - -7263. Calculate the greatest common factor of 1752 and p.
24
Let r(l) = l**3 - 5*l**2 - 12*l. Let i be r(7). Calculate the highest common factor of i and 434.
14
Let d(j) = 5*j**2 - 22*j + 18. Let z(g) = -14*g**2 + 64*g - 52. Let w(m) = -17*d(m) - 6*z(m). Let n be w(-2). What is the greatest common divisor of n and 330?
22
Suppose -124*d - 36 = -1